common divisor of 84 and x?
12
Suppose -4*b + 19772 = -218*h + 214*h, 0 = -5*b - 2*h + 24701. Calculate the greatest common divisor of 243 and b.
81
Suppose -38*t - 5288 = -144*t + 46864. What is the highest common factor of 8487 and t?
123
Suppose 738*v + u = 736*v + 10576, 2*v = 4*u + 10536. What is the greatest common factor of 4 and v?
4
Let x = 2270 + -2219. What is the highest common factor of 3723 and x?
51
Suppose -13*u + 8*u = -330. Let q be 0 - -1 - 2 - -2. Let t be 4/q + -5 + 7. What is the highest common factor of u and t?
6
Let b = -26 + 62. Suppose b = -10*y + 4*y. Let c be 122*(-2 - 15/y) - 1. Calculate the highest common divisor of c and 45.
15
Let u = -182 - -238. Suppose 4*w - 36 = 4*o, -18 - 48 = 4*o + 2*w. Let p = 0 - o. Calculate the greatest common factor of u and p.
14
Let l be (-2)/(-8) + 21/12. Suppose l*p - 2*q - 416 = 0, -q + 3*q = p - 204. Calculate the greatest common divisor of 53 and p.
53
Let s = -6 + 601. Suppose z - s = -6*z. Calculate the highest common divisor of 10 and z.
5
Suppose -2260 - 32573 - 3247 = -544*p. Calculate the highest common factor of 410 and p.
10
Let a be -3*4/(14/(-7)). Let q = 386 - 272. What is the highest common factor of q and a?
6
Let c be -8 - -12 - (0 - 0). Let m(p) = -100 + c*p + 100. Let z be m(3). What is the greatest common factor of 9 and z?
3
Let p be 31/124 + (-15)/(-4). What is the greatest common factor of 226 and p?
2
Suppose 0 = 6*z - 2*z + 456. Let b = z + 163. Calculate the highest common divisor of 21 and b.
7
Suppose -5 + 45 = 8*f. Suppose 0 = n, 0*q - 3*q - f*n + 216 = 0. Let d(w) = w**2 - 9*w + 8. Let k be d(9). What is the greatest common divisor of q and k?
8
Let r = -33 + 76. Suppose 0 = a + 1, 5*m - 3*m = -5*a + 769. Calculate the greatest common factor of r and m.
43
Let m be 36*(-1 + (8 - (3 + 2))). Suppose -3*s + 6*s - 324 = 0. Calculate the highest common factor of s and m.
36
Let n(l) = 50*l - 702. Let a be n(23). Calculate the greatest common factor of a and 840.
56
Let z(q) = 0 - 21 + 32*q - 13*q + 13 - 19 - q**2. Let r be z(17). Let f = 133 + -56. What is the greatest common divisor of r and f?
7
Let l(p) = 12*p**3 + 16*p**2 - 5*p - 11. Let c be l(1). Let q = -15 + 43. Calculate the highest common divisor of c and q.
4
Let c(z) = 5*z**3 - z**2 + 16*z - 74. Let x be c(8). Calculate the highest common factor of x and 306.
102
Let o be (0/(4/(-2)))/(-2 + 0). Suppose o = -13*x + 495 - 53. Calculate the greatest common divisor of x and 306.
34
Suppose -3*a - 5*q = -4 + 88, 0 = 5*a - q + 168. Let p be (-481)/(-8) - a/(-264). What is the highest common factor of p and 240?
60
Suppose 0 = 4*l - 12, 5*u = 2*u + 4*l + 60. Suppose -18*g - u*g + 9324 = 0. Calculate the highest common divisor of 6 and g.
6
Let p be (-1 - -4) + (6 - 3). Let x = 40 - -44. What is the highest common divisor of x and p?
6
Let g(t) = 6*t**3 + 31*t - 57*t + 27*t - 1 + 4*t**3. Let w be g(2). What is the greatest common divisor of w and 9?
9
Let c(q) = q**3 + 2*q**2 + 43*q - 266. Let y be c(6). Calculate the highest common divisor of 448 and y.
56
Let n(d) = d**3 + 6*d**2 - 2*d - 8. Let k be n(-6). Suppose 2 = -v - 3, -v + 83 = k*h. Calculate the greatest common factor of 495 and h.
11
Suppose 22961 = 4*s - v, -4*v + 2*v + 14 = 0. What is the highest common factor of s and 108?
18
Suppose i + 54 = 3*i. Suppose 3*c - o - i = 0, -4*c + 45 = c - 2*o. Let f be 2017/16 - (-13)/(32 + -240). What is the greatest common factor of c and f?
9
Let y(w) = w**2 - w + 854. Let q be y(0). Let z be 12/(-30) + 21606/1365 + 30/(-21). What is the highest common factor of z and q?
14
Let n(m) = -m**2 + 142*m + 588. Let l be n(-4). What is the greatest common factor of l and 4512?
4
Let j(u) = u**3 - 9*u**2 - 22*u - 15. Let g be j(11). Let z be -1*(g/(-3))/(-1). Suppose -2*p - z*p + 315 = 0. Calculate the highest common factor of p and 18.
9
Let r(b) = b**3 + 16*b**2 - 12*b - 7. Let n be r(-12). What is the highest common divisor of 391 and n?
23
Suppose 0 = -5*s + 922 + 1868. Let g be (18/(-2 + -7))/((-3)/s). Calculate the greatest common factor of 93 and g.
93
Let l(w) = -9*w**2 + 21*w + 64. Let m be l(-10). Let d = m - -1063. Let h = 109 - 41. What is the highest common divisor of d and h?
17
Suppose 3*c + 59 = 2*w, -78 = 5*c - c - 3*w. Let u(v) = -10*v - 80. Let p be u(c). What is the greatest common divisor of p and 50?
10
Let m = -57 + 71. Let q be (8/6)/4 - m/(-3). Suppose 28 = q*p - 3*p. What is the highest common divisor of 28 and p?
14
Let i = 115 - 111. Let v be (i + 4 + -12)*(-3)/(-1). Let z be (-130)/(-156) + (-2)/v. Calculate the greatest common divisor of z and 3.
1
Let p be 9 - (11 - 125)/6. What is the greatest common divisor of p and 4242?
14
Let b = 4028 + -2618. What is the greatest common divisor of 90 and b?
30
Suppose -18*s = -21*s + 3*i + 792, 5*i = 10. What is the greatest common divisor of s and 1102?
38
Let i be (-11 + 57)/(1/(14/4)). Let r be ((-21)/(-3))/(-1 + (-9)/(-6)). What is the highest common factor of i and r?
7
Let z be 38 + 2 + (-30 - -22). Let t(n) = n**3 + 6*n**2 - 10*n - 5. Let w be t(-7). Calculate the highest common factor of z and w.
16
Suppose 2*o - 4*m - 3 = 89, 5*o = -4*m + 258. Suppose 23*t + 22*t + 9*t - 2700 = 0. What is the highest common divisor of o and t?
50
Let i(j) = -j. Let b be i(0). Suppose 6*u + 24 + 516 = b. Let x = u - -150. Calculate the highest common divisor of x and 15.
15
Let a = 85 + -67. Let j be (-120)/a*((-14)/4 + 2). Calculate the highest common factor of 50 and j.
10
Let l(s) = 2*s**2 - 152*s + 621. Let j be l(4). Let t be (-2)/7 - 216/(-21). Calculate the greatest common factor of j and t.
5
Let j be 205/(126/(-12) - -13). What is the greatest common divisor of 14350 and j?
82
Let o = 149 - 146. Let l be (-8 - -4 - o)*(-32)/14. Calculate the highest common divisor of 752 and l.
16
Let t = -15 - -20. Suppose 0 = 4*m - p - 176 - 141, 3*m - t*p = 225. Suppose 5*w + 3 = n - 2, 0 = -n + w + 9. What is the highest common divisor of m and n?
10
Let o(m) = -4*m + 6. Let z be o(0). Suppose 5*c = z*c - 4. Suppose 2*x - 85 = -0*x - g, 140 = 4*x - c*g. Calculate the highest common factor of x and 16.
8
Let s = -87 - -123. Suppose -360*j + 336 = -368*j. Let h be ((-420)/245)/(4/j). Calculate the greatest common divisor of h and s.
18
Let f(z) = 6*z**2 + 26*z + 170. Let a be f(-6). What is the highest common factor of a and 46?
46
Suppose -4*j + 4*s - 7*s + 138 = 0, 4*s - 172 = -5*j. Suppose -16*k + 22*k = j. What is the highest common divisor of k and 162?
6
Let m be 2/(-7) - (-9)/7. Suppose -10*o - 8 = -8. Suppose o = 26*i - 2*i - 168. What is the highest common factor of i and m?
1
Let s = 45 + -40. Suppose -4*y = -9*y + s*c + 380, -2*c + 64 = y. What is the highest common factor of y and 48?
24
Let y(i) = -23*i + 128. Let r be y(5). Calculate the highest common factor of 12181 and r.
13
Let y(k) = 2*k**2 - 138*k + 3. Let j be y(8). Let a = 997 + j. What is the greatest common factor of a and 708?
12
Let x(n) = 3*n**3 + 4*n**2 + 16. Let w be x(5). Let p = 686 - w. Let q(m) = -2*m - 3. Let b be q(-9). What is the highest common factor of b and p?
15
Let j be ((-5499)/(-94))/(2/(12/1)). Let a = 371 - j. What is the highest common divisor of 100 and a?
20
Suppose 3*p - 143 = 151. Suppose 0 = 21*o - 23*o + p. Let f be ((-7)/o - -3)/((-2)/(-7)). What is the greatest common divisor of f and 100?
10
Suppose 0 = -2*q - 3*q. Suppose -s - 2*w + 100 = q, 4*s - 2*w - 426 = 3*w. Suppose -22 = -g + s. Calculate the highest common divisor of 18 and g.
18
Let d(s) = s + 9. Let w be d(-5). Let o(z) = 3*z + 38. Let a be o(0). Let v = a + -36. What is the highest common divisor of w and v?
2
Let s(r) = -r**3 - 45*r**2 - 89*r - 17. Let y = 866 + -909. Let f be s(y). Calculate the greatest common factor of f and 21.
7
Let f(j) be the first derivative of 5*j**2/2 + 55*j - 34. Let x be f(-8). Calculate the highest common factor of 60 and x.
15
Suppose -30*n = -45403 + 11923. Calculate the highest common divisor of 48 and n.
12
Let i = 156 + 37. Let h = 299 - i. Suppose -5*r + h - 1 = 0. Calculate the greatest common factor of r and 3.
3
Let g(z) = -z**3 - 5*z**2 + 7*z + 12. Let m be g(-6). Suppose i - 39 = 4*t, -m*i - 5*t + 13 = -4*i. What is the highest common facto